{"id":31,"date":"2022-04-04T14:33:04","date_gmt":"2022-04-04T17:33:04","guid":{"rendered":"https:\/\/onebyone.org.br\/site\/?page_id=31"},"modified":"2025-06-17T15:44:42","modified_gmt":"2025-06-17T18:44:42","slug":"parcerias-corporativas","status":"publish","type":"page","link":"https:\/\/onebyone.org.br\/site\/parcerias-corporativas\/","title":{"rendered":"Parcerias Corporativas"},"content":{"rendered":"<p><div class=\"fusion-fullwidth fullwidth-box fusion-builder-row-1 fusion-flex-container nonhundred-percent-fullwidth non-hundred-percent-height-scrolling\" style=\"background-color: rgba(255,255,255,0);background-position: center center;background-repeat: no-repeat;border-width: 0px 0px 0px 0px;border-color:var(--awb-color3);border-style:solid;\" ><div class=\"fusion-builder-row fusion-row fusion-flex-align-items-flex-start\" style=\"max-width:1248px;margin-left: calc(-4% \/ 2 );margin-right: calc(-4% \/ 2 );\"><div class=\"fusion-layout-column fusion_builder_column fusion-builder-column-0 fusion_builder_column_1_1 1_1 fusion-flex-column\"><div class=\"fusion-column-wrapper fusion-flex-justify-content-flex-start fusion-content-layout-column\" style=\"background-position:left top;background-repeat:no-repeat;-webkit-background-size:cover;-moz-background-size:cover;-o-background-size:cover;background-size:cover;padding: 0px 0px 0px 0px;\"><div class=\"fusion-text fusion-text-1 fusion-text-no-margin\" style=\"margin-top:50px;margin-bottom:50px;\"><h2 style=\"text-align: center;\">Acreditamos que juntos podemos mudar o mundo!<\/h2>\n<hr class=\"title-line-center\" \/>\n<\/div><div class=\"fusion-text fusion-text-2\"><p>Ao longo da trajet\u00f3ria da One by One desenvolvemos parcerias com incr\u00edveis empresas que nos apoiaram e ajudaram a transformar a vida de in\u00fameras fam\u00edlias.<\/p>\n<p>Para cada parceria customizamos contrapartidas e sempre que de interesse da empresa desenvolvemos formas de engajar seus funcion\u00e1rios no projeto apoiado, criando um c\u00edrculo virtuoso de motiva\u00e7\u00e3o e resultados.<\/p>\n<p>Entre em contato conosco por Whatsapp pelo (21) 98255-1414 ou atrav\u00e9s do e-mail <a href=\"mailto:contato@onebyone.org.br\">contato@onebyone.org.br<\/a> que daremos toda a orienta\u00e7\u00e3o necess\u00e1ria.<\/p>\n<\/div><div style=\"text-align:center;\"><style>.fusion-button.button-1{border-radius:25px 25px 25px 25px;}<\/style><a class=\"fusion-button button-flat fusion-button-default-size button-default button-1 fusion-button-default-span fusion-button-default-type\" target=\"_self\" href=\"https:\/\/api.whatsapp.com\/send?phone=5521982551414&amp;text=Estou%20interessado%2Fa%20numa%20parceria%20corporativa\"><span class=\"fusion-button-text\">Interessado\/a numa parceria corporativa<\/span><\/a><\/div><\/div><style type=\"text\/css\">.fusion-body .fusion-builder-column-0{width:100% !important;margin-top : 0px;margin-bottom : 20px;}.fusion-builder-column-0 > .fusion-column-wrapper {padding-top : 0px !important;padding-right : 0px !important;margin-right : 1.92%;padding-bottom : 0px !important;padding-left : 0px !important;margin-left : 1.92%;}@media only screen and (max-width:1024px) {.fusion-body .fusion-builder-column-0{width:100% !important;order : 0;}.fusion-builder-column-0 > .fusion-column-wrapper {margin-right : 1.92%;margin-left : 1.92%;}}@media only screen and (max-width:768px) {.fusion-body .fusion-builder-column-0{width:100% !important;order : 0;}.fusion-builder-column-0 > .fusion-column-wrapper {margin-right : 1.92%;margin-left : 1.92%;}}<\/style><\/div><\/div><style type=\"text\/css\">.fusion-body .fusion-flex-container.fusion-builder-row-1{ padding-top : 30px;margin-top : 0px;padding-right : 0px;padding-bottom : 0px;margin-bottom : 0px;padding-left : 0px;}<\/style><\/div><div class=\"fusion-fullwidth fullwidth-box fusion-builder-row-2 fusion-flex-container nonhundred-percent-fullwidth non-hundred-percent-height-scrolling\" style=\"background-color: rgba(255,255,255,0);background-position: center center;background-repeat: no-repeat;border-width: 0px 0px 0px 0px;border-color:var(--awb-color3);border-style:solid;\" ><div class=\"fusion-builder-row fusion-row fusion-flex-align-items-flex-start\" style=\"max-width:1248px;margin-left: calc(-4% \/ 2 );margin-right: calc(-4% \/ 2 );\"><div class=\"fusion-layout-column fusion_builder_column fusion-builder-column-1 fusion_builder_column_1_1 1_1 fusion-flex-column\"><div class=\"fusion-column-wrapper fusion-flex-justify-content-flex-start fusion-content-layout-column\" style=\"background-position:left top;background-repeat:no-repeat;-webkit-background-size:cover;-moz-background-size:cover;-o-background-size:cover;background-size:cover;padding: 0px 0px 0px 0px;\"><div class=\"fusion-text fusion-text-3 fusion-text-no-margin\" style=\"margin-bottom:50px;\"><h2 style=\"text-align: center;\">Alguns de nossos apoiadores<\/h2>\n<hr class=\"title-line-center\" \/>\n<\/div><style type=\"text\/css\">.fusion-gallery-1 .fusion-gallery-image {border:0px solid var(--awb-color3);}<\/style><div class=\"fusion-gallery fusion-gallery-container fusion-grid-4 fusion-columns-total-20 fusion-gallery-layout-grid fusion-gallery-1\" style=\"margin:-30px;\"><div style=\"padding:30px;\" class=\"fusion-grid-column fusion-gallery-column fusion-gallery-column-4 hover-type-none\"><div class=\"fusion-gallery-image\"><img decoding=\"async\" src=\"https:\/\/onebyone.org.br\/site\/wp-content\/uploads\/2022\/04\/tim-e1649454542792.png\" width=\"225\" height=\"80\" alt=\"Tim - operadora de telefonia\" title=\"tim\" aria-label=\"tim\" class=\"img-responsive wp-image-161\" srcset=\"https:\/\/onebyone.org.br\/site\/wp-content\/uploads\/2022\/04\/tim-e1649454542792-200x71.png 200w, https:\/\/onebyone.org.br\/site\/wp-content\/uploads\/2022\/04\/tim-e1649454542792.png 225w\" sizes=\"(min-width: 2200px) 100vw, (min-width: 856px) 278px, (min-width: 784px) 370px, (min-width: 712px) 555px, (min-width: 640px) 712px, \" \/><\/div><\/div><div style=\"padding:30px;\" class=\"fusion-grid-column fusion-gallery-column fusion-gallery-column-4 hover-type-none\"><div class=\"fusion-gallery-image\"><img decoding=\"async\" src=\"https:\/\/onebyone.org.br\/site\/wp-content\/uploads\/2022\/04\/phi.jpg\" width=\"200\" height=\"95\" alt=\"Phi philantropia inteligente\" title=\"phi\" aria-label=\"phi\" class=\"img-responsive wp-image-189\" \/><\/div><\/div><div style=\"padding:30px;\" class=\"fusion-grid-column fusion-gallery-column fusion-gallery-column-4 hover-type-none\"><div class=\"fusion-gallery-image\"><img decoding=\"async\" src=\"https:\/\/onebyone.org.br\/site\/wp-content\/uploads\/2022\/04\/Ecoponte.png\" width=\"207\" height=\"106\" alt=\"Ecoponte - empresa do Grupo EcoRodovias\" title=\"Ecoponte\" aria-label=\"Ecoponte\" class=\"img-responsive wp-image-159\" srcset=\"https:\/\/onebyone.org.br\/site\/wp-content\/uploads\/2022\/04\/Ecoponte-200x102.png 200w, https:\/\/onebyone.org.br\/site\/wp-content\/uploads\/2022\/04\/Ecoponte.png 207w\" sizes=\"(min-width: 2200px) 100vw, (min-width: 856px) 278px, (min-width: 784px) 370px, (min-width: 712px) 555px, (min-width: 640px) 712px, \" \/><\/div><\/div><div style=\"padding:30px;\" class=\"fusion-grid-column fusion-gallery-column fusion-gallery-column-4 hover-type-none\"><div class=\"fusion-gallery-image\"><img decoding=\"async\" src=\"https:\/\/onebyone.org.br\/site\/wp-content\/uploads\/2022\/04\/steffen.jpg\" width=\"200\" height=\"95\" alt=\"Steffen - Professional Cleaning\" title=\"steffen\" aria-label=\"steffen\" class=\"img-responsive wp-image-184\" \/><\/div><\/div><div class=\"clearfix\"><\/div><div style=\"padding:30px;\" class=\"fusion-grid-column fusion-gallery-column fusion-gallery-column-4 hover-type-none\"><div class=\"fusion-gallery-image\"><img decoding=\"async\" src=\"https:\/\/onebyone.org.br\/site\/wp-content\/uploads\/2022\/04\/casamedico.jpg\" width=\"200\" height=\"95\" alt=\"Casa do M\u00e9dico - produtos hospitalares\" title=\"casamedico\" aria-label=\"casamedico\" class=\"img-responsive wp-image-169\" \/><\/div><\/div><div style=\"padding:30px;\" class=\"fusion-grid-column fusion-gallery-column fusion-gallery-column-4 hover-type-none\"><div class=\"fusion-gallery-image\"><img decoding=\"async\" src=\"https:\/\/onebyone.org.br\/site\/wp-content\/uploads\/2022\/04\/baker-hughes-logo-vector-e1649454583898.png\" width=\"300\" height=\"77\" alt=\"Baker Hughes - empresa do setor petrol\u00edfero\" title=\"baker-hughes-logo-vector\" aria-label=\"baker-hughes-logo-vector\" class=\"img-responsive wp-image-158\" srcset=\"https:\/\/onebyone.org.br\/site\/wp-content\/uploads\/2022\/04\/baker-hughes-logo-vector-e1649454583898-200x51.png 200w, https:\/\/onebyone.org.br\/site\/wp-content\/uploads\/2022\/04\/baker-hughes-logo-vector-e1649454583898.png 300w\" sizes=\"(min-width: 2200px) 100vw, (min-width: 856px) 278px, (min-width: 784px) 370px, (min-width: 712px) 555px, (min-width: 640px) 712px, \" \/><\/div><\/div><div style=\"padding:30px;\" class=\"fusion-grid-column fusion-gallery-column fusion-gallery-column-4 hover-type-none\"><div class=\"fusion-gallery-image\"><img decoding=\"async\" src=\"https:\/\/onebyone.org.br\/site\/wp-content\/uploads\/2022\/04\/rothschild-co-logo.png\" width=\"1480\" height=\"246\" alt=\"Rothschild &amp; Co - grupo de consultoria financeira\" title=\"rothschild-co-logo\" aria-label=\"rothschild-co-logo\" class=\"img-responsive wp-image-160\" srcset=\"https:\/\/onebyone.org.br\/site\/wp-content\/uploads\/2022\/04\/rothschild-co-logo-200x33.png 200w, https:\/\/onebyone.org.br\/site\/wp-content\/uploads\/2022\/04\/rothschild-co-logo-400x66.png 400w, https:\/\/onebyone.org.br\/site\/wp-content\/uploads\/2022\/04\/rothschild-co-logo-600x100.png 600w, https:\/\/onebyone.org.br\/site\/wp-content\/uploads\/2022\/04\/rothschild-co-logo-800x133.png 800w, https:\/\/onebyone.org.br\/site\/wp-content\/uploads\/2022\/04\/rothschild-co-logo-1200x199.png 1200w, https:\/\/onebyone.org.br\/site\/wp-content\/uploads\/2022\/04\/rothschild-co-logo.png 1480w\" sizes=\"(min-width: 2200px) 100vw, (min-width: 856px) 278px, (min-width: 784px) 370px, (min-width: 712px) 555px, (min-width: 640px) 712px, \" \/><\/div><\/div><div style=\"padding:30px;\" class=\"fusion-grid-column fusion-gallery-column fusion-gallery-column-4 hover-type-none\"><div class=\"fusion-gallery-image\"><img decoding=\"async\" src=\"https:\/\/onebyone.org.br\/site\/wp-content\/uploads\/2022\/04\/LA-SERENISSIMA.jpeg\" width=\"1280\" height=\"452\" alt=\"La Serenissima - empresa de latic\u00ednios\" title=\"LA SERENISSIMA\" aria-label=\"LA SERENISSIMA\" class=\"img-responsive wp-image-162\" srcset=\"https:\/\/onebyone.org.br\/site\/wp-content\/uploads\/2022\/04\/LA-SERENISSIMA-200x71.jpeg 200w, https:\/\/onebyone.org.br\/site\/wp-content\/uploads\/2022\/04\/LA-SERENISSIMA-400x141.jpeg 400w, https:\/\/onebyone.org.br\/site\/wp-content\/uploads\/2022\/04\/LA-SERENISSIMA-600x212.jpeg 600w, https:\/\/onebyone.org.br\/site\/wp-content\/uploads\/2022\/04\/LA-SERENISSIMA-800x283.jpeg 800w, https:\/\/onebyone.org.br\/site\/wp-content\/uploads\/2022\/04\/LA-SERENISSIMA-1200x424.jpeg 1200w, https:\/\/onebyone.org.br\/site\/wp-content\/uploads\/2022\/04\/LA-SERENISSIMA.jpeg 1280w\" sizes=\"(min-width: 2200px) 100vw, (min-width: 856px) 278px, (min-width: 784px) 370px, (min-width: 712px) 555px, (min-width: 640px) 712px, \" \/><\/div><\/div><div class=\"clearfix\"><\/div><div style=\"padding:30px;\" class=\"fusion-grid-column fusion-gallery-column fusion-gallery-column-4 hover-type-none\"><div class=\"fusion-gallery-image\"><img decoding=\"async\" src=\"https:\/\/onebyone.org.br\/site\/wp-content\/uploads\/2022\/04\/venturatowers.jpg\" width=\"200\" height=\"95\" alt=\"Ventura Corporate Towers\" title=\"venturatowers\" aria-label=\"venturatowers\" class=\"img-responsive wp-image-165\" \/><\/div><\/div><div style=\"padding:30px;\" class=\"fusion-grid-column fusion-gallery-column fusion-gallery-column-4 hover-type-none\"><div class=\"fusion-gallery-image\"><img decoding=\"async\" src=\"https:\/\/onebyone.org.br\/site\/wp-content\/uploads\/2022\/04\/doarfashion.jpg\" width=\"200\" height=\"95\" alt=\"Doar Fashion - a\u00e7\u00e3o social\" title=\"doarfashion\" aria-label=\"doarfashion\" class=\"img-responsive wp-image-173\" \/><\/div><\/div><div style=\"padding:30px;\" class=\"fusion-grid-column fusion-gallery-column fusion-gallery-column-4 hover-type-none\"><div class=\"fusion-gallery-image\"><img decoding=\"async\" src=\"https:\/\/onebyone.org.br\/site\/wp-content\/uploads\/2022\/04\/british.png\" width=\"200\" height=\"95\" alt=\"Escola Brit\u00e2nica do Rio de Janeiro\" title=\"british\" aria-label=\"british\" class=\"img-responsive wp-image-192\" \/><\/div><\/div><div style=\"padding:30px;\" class=\"fusion-grid-column fusion-gallery-column fusion-gallery-column-4 hover-type-none\"><div class=\"fusion-gallery-image\"><img decoding=\"async\" src=\"https:\/\/onebyone.org.br\/site\/wp-content\/uploads\/2022\/04\/logo-facility.jpg\" width=\"212\" height=\"79\" alt=\"Facility - Associa\u00e7\u00e3o Civil\" title=\"logo-facility\" aria-label=\"logo-facility\" class=\"img-responsive wp-image-208\" srcset=\"https:\/\/onebyone.org.br\/site\/wp-content\/uploads\/2022\/04\/logo-facility-200x75.jpg 200w, https:\/\/onebyone.org.br\/site\/wp-content\/uploads\/2022\/04\/logo-facility.jpg 212w\" sizes=\"(min-width: 2200px) 100vw, (min-width: 856px) 278px, (min-width: 784px) 370px, (min-width: 712px) 555px, (min-width: 640px) 712px, \" \/><\/div><\/div><div class=\"clearfix\"><\/div><div style=\"padding:30px;\" class=\"fusion-grid-column fusion-gallery-column fusion-gallery-column-4 hover-type-none\"><div class=\"fusion-gallery-image\"><img decoding=\"async\" src=\"https:\/\/onebyone.org.br\/site\/wp-content\/uploads\/2022\/04\/Le-Monde-Office-300x300.jpg-e1649454654767.webp\" width=\"159\" height=\"159\" alt=\"Le Monde Office\" title=\"Le-Monde-Office&#8211;300&#215;300.jpg\" aria-label=\"Le-Monde-Office&#8211;300&#215;300.jpg\" class=\"img-responsive wp-image-152\" \/><\/div><\/div><div style=\"padding:30px;\" class=\"fusion-grid-column fusion-gallery-column fusion-gallery-column-4 hover-type-none\"><div class=\"fusion-gallery-image\"><img decoding=\"async\" src=\"https:\/\/onebyone.org.br\/site\/wp-content\/uploads\/2023\/02\/Shell-Logo-1995-1999.png\" width=\"200\" height=\"113\" alt=\"Logo Shell\" title=\"Shell-Logo-1995-1999\" aria-label=\"Shell-Logo-1995-1999\" class=\"img-responsive wp-image-1279\" \/><\/div><\/div><div style=\"padding:30px;\" class=\"fusion-grid-column fusion-gallery-column fusion-gallery-column-4 hover-type-none\"><div class=\"fusion-gallery-image\"><img decoding=\"async\" src=\"https:\/\/onebyone.org.br\/site\/wp-content\/uploads\/2022\/04\/cinbal.png\" width=\"360\" height=\"140\" alt=\"Cinbal - Com\u00e9rcio Ind\u00fastria &amp; Beneficiamento de A\u00e7o Ltda\" title=\"cinbal\" aria-label=\"cinbal\" class=\"img-responsive wp-image-154\" srcset=\"https:\/\/onebyone.org.br\/site\/wp-content\/uploads\/2022\/04\/cinbal-200x78.png 200w, https:\/\/onebyone.org.br\/site\/wp-content\/uploads\/2022\/04\/cinbal.png 360w\" sizes=\"(min-width: 2200px) 100vw, (min-width: 856px) 278px, (min-width: 784px) 370px, (min-width: 712px) 555px, (min-width: 640px) 712px, \" \/><\/div><\/div><div style=\"padding:30px;\" class=\"fusion-grid-column fusion-gallery-column fusion-gallery-column-4 hover-type-none\"><div class=\"fusion-gallery-image\"><img decoding=\"async\" src=\"https:\/\/onebyone.org.br\/site\/wp-content\/uploads\/2023\/02\/casa_do_pao.png\" width=\"200\" height=\"86\" alt=\"Logo Casa do P\u00e3o - Padaria e Confeitaria\" title=\"casa_do_pao\" aria-label=\"casa_do_pao\" class=\"img-responsive wp-image-1267\" \/><\/div><\/div><div class=\"clearfix\"><\/div><div style=\"padding:30px;\" class=\"fusion-grid-column fusion-gallery-column fusion-gallery-column-4 hover-type-none\"><div class=\"fusion-gallery-image\"><img decoding=\"async\" src=\"https:\/\/onebyone.org.br\/site\/wp-content\/uploads\/2023\/02\/casa_shopping.png\" width=\"200\" height=\"94\" alt=\"Logo Casa Shopping\" title=\"casa_shopping\" aria-label=\"casa_shopping\" class=\"img-responsive wp-image-1268\" \/><\/div><\/div><div style=\"padding:30px;\" class=\"fusion-grid-column fusion-gallery-column fusion-gallery-column-4 hover-type-none\"><div class=\"fusion-gallery-image\"><img decoding=\"async\" src=\"https:\/\/onebyone.org.br\/site\/wp-content\/uploads\/2023\/02\/logo-cogumelo.png\" width=\"218\" height=\"55\" alt=\"Logo Cogumelo\" title=\"logo-cogumelo\" aria-label=\"logo-cogumelo\" class=\"img-responsive wp-image-1270\" srcset=\"https:\/\/onebyone.org.br\/site\/wp-content\/uploads\/2023\/02\/logo-cogumelo-200x50.png 200w, https:\/\/onebyone.org.br\/site\/wp-content\/uploads\/2023\/02\/logo-cogumelo.png 218w\" sizes=\"(min-width: 2200px) 100vw, (min-width: 856px) 278px, (min-width: 784px) 370px, (min-width: 712px) 555px, (min-width: 640px) 712px, \" \/><\/div><\/div><div style=\"padding:30px;\" class=\"fusion-grid-column fusion-gallery-column fusion-gallery-column-4 hover-type-none\"><div class=\"fusion-gallery-image\"><img decoding=\"async\" src=\"https:\/\/onebyone.org.br\/site\/wp-content\/uploads\/2023\/02\/zona-sul.png\" width=\"200\" height=\"71\" alt=\"Logo Supermercado Zona Sul\" title=\"zona-sul\" aria-label=\"zona-sul\" class=\"img-responsive wp-image-1281\" \/><\/div><\/div><div style=\"padding:30px;\" class=\"fusion-grid-column fusion-gallery-column fusion-gallery-column-4 hover-type-none\"><div class=\"fusion-gallery-image\"><img decoding=\"async\" src=\"https:\/\/onebyone.org.br\/site\/wp-content\/uploads\/2022\/04\/valenca2030-e1750186187766.png\" width=\"184\" height=\"161\" alt=\"Movimento Valen\u00e7a 2030 - Empreendedora, Colaborativa e Integrada\" title=\"valenca2030\" aria-label=\"valenca2030\" class=\"img-responsive wp-image-153\" \/><\/div><\/div><div class=\"clearfix\"><\/div><\/div><\/div><style type=\"text\/css\">.fusion-body .fusion-builder-column-1{width:100% !important;margin-top : 0px;margin-bottom : 20px;}.fusion-builder-column-1 > .fusion-column-wrapper {padding-top : 0px !important;padding-right : 0px !important;margin-right : 1.92%;padding-bottom : 0px !important;padding-left : 0px !important;margin-left : 1.92%;}@media only screen and (max-width:1024px) {.fusion-body .fusion-builder-column-1{width:100% !important;order : 0;}.fusion-builder-column-1 > .fusion-column-wrapper {margin-right : 1.92%;margin-left : 1.92%;}}@media only screen and (max-width:768px) {.fusion-body .fusion-builder-column-1{width:100% !important;order : 0;}.fusion-builder-column-1 > .fusion-column-wrapper {margin-right : 1.92%;margin-left : 1.92%;}}<\/style><\/div><\/div><style type=\"text\/css\">.fusion-body .fusion-flex-container.fusion-builder-row-2{ padding-top : 0px;margin-top : 50px;padding-right : 0px;padding-bottom : 0px;margin-bottom : 50px;padding-left : 0px;}<\/style><\/div>\n<\/p>\n","protected":false},"excerpt":{"rendered":"","protected":false},"author":1,"featured_media":0,"parent":0,"menu_order":0,"comment_status":"closed","ping_status":"closed","template":"","meta":{"footnotes":""},"class_list":["post-31","page","type-page","status-publish","hentry"],"_links":{"self":[{"href":"https:\/\/onebyone.org.br\/site\/wp-json\/wp\/v2\/pages\/31","targetHints":{"allow":["GET"]}}],"collection":[{"href":"https:\/\/onebyone.org.br\/site\/wp-json\/wp\/v2\/pages"}],"about":[{"href":"https:\/\/onebyone.org.br\/site\/wp-json\/wp\/v2\/types\/page"}],"author":[{"embeddable":true,"href":"https:\/\/onebyone.org.br\/site\/wp-json\/wp\/v2\/users\/1"}],"replies":[{"embeddable":true,"href":"https:\/\/onebyone.org.br\/site\/wp-json\/wp\/v2\/comments?post=31"}],"version-history":[{"count":21,"href":"https:\/\/onebyone.org.br\/site\/wp-json\/wp\/v2\/pages\/31\/revisions"}],"predecessor-version":[{"id":151,"href":"https:\/\/onebyone.org.br\/site\/wp-json\/wp\/v2\/pages\/31\/revisions\/151"}],"wp:attachment":[{"href":"https:\/\/onebyone.org.br\/site\/wp-json\/wp\/v2\/media?parent=31"}],"curies":[{"name":"wp","href":"https:\/\/api.w.org\/{rel}","templated":true}]}}