{"id":33,"date":"2022-04-04T14:33:29","date_gmt":"2022-04-04T17:33:29","guid":{"rendered":"https:\/\/onebyone.org.br\/site\/?page_id=33"},"modified":"2024-06-29T16:56:11","modified_gmt":"2024-06-29T19:56:11","slug":"doe-agora","status":"publish","type":"page","link":"https:\/\/onebyone.org.br\/site\/doe-agora\/","title":{"rendered":"Doe Agora"},"content":{"rendered":"<p><div class=\"fusion-fullwidth fullwidth-box fusion-builder-row-1 fusion-flex-container nonhundred-percent-fullwidth non-hundred-percent-height-scrolling\" style=\"background-color: rgba(255,255,255,0);background-position: center center;background-repeat: no-repeat;border-width: 0px 0px 0px 0px;border-color:var(--awb-color3);border-style:solid;\" ><div class=\"fusion-builder-row fusion-row fusion-flex-align-items-flex-start\" style=\"max-width:1248px;margin-left: calc(-4% \/ 2 );margin-right: calc(-4% \/ 2 );\"><div class=\"fusion-layout-column fusion_builder_column fusion-builder-column-0 fusion_builder_column_1_1 1_1 fusion-flex-column\"><div class=\"fusion-column-wrapper fusion-flex-justify-content-flex-start fusion-content-layout-column\" style=\"background-position:left top;background-repeat:no-repeat;-webkit-background-size:cover;-moz-background-size:cover;-o-background-size:cover;background-size:cover;padding: 0px 0px 0px 0px;\"><div class=\"fusion-text fusion-text-1 fusion-text-no-margin\" style=\"margin-top:100px;margin-bottom:50px;\"><h2 style=\"text-align: center;\">Doe Agora<\/h2>\n<hr class=\"title-line-center\" \/>\n<\/div><div class=\"fusion-content-boxes content-boxes columns row fusion-columns-3 fusion-columns-total-3 fusion-content-boxes-1 content-boxes-icon-boxed content-left box-doar\" data-animationOffset=\"top-into-view\" style=\"margin-top:30px;margin-bottom:;\"><style type=\"text\/css\">.fusion-content-boxes-1 .heading .content-box-heading {color:var(--awb-color7);}\n\t\t\t\t\t.fusion-content-boxes-1 .fusion-content-box-hover .link-area-link-icon-hover .heading .content-box-heading,\n\t\t\t\t\t.fusion-content-boxes-1 .fusion-content-box-hover .link-area-link-icon-hover .heading .heading-link .content-box-heading,\n\t\t\t\t\t.fusion-content-boxes-1 .fusion-content-box-hover .link-area-box-hover .heading .content-box-heading,\n\t\t\t\t\t.fusion-content-boxes-1 .fusion-content-box-hover .link-area-box-hover .heading .heading-link .content-box-heading,\n\t\t\t\t\t.fusion-content-boxes-1 .fusion-content-box-hover .link-area-link-icon-hover.link-area-box .fusion-read-more,\n\t\t\t\t\t.fusion-content-boxes-1 .fusion-content-box-hover .link-area-link-icon-hover.link-area-box .fusion-read-more::after,\n\t\t\t\t\t.fusion-content-boxes-1 .fusion-content-box-hover .link-area-link-icon-hover.link-area-box .fusion-read-more::before,\n\t\t\t\t\t.fusion-content-boxes-1 .fusion-content-box-hover .fusion-read-more:hover:after,\n\t\t\t\t\t.fusion-content-boxes-1 .fusion-content-box-hover .fusion-read-more:hover:before,\n\t\t\t\t\t.fusion-content-boxes-1 .fusion-content-box-hover .fusion-read-more:hover,\n\t\t\t\t\t.fusion-content-boxes-1 .fusion-content-box-hover .link-area-box-hover.link-area-box .fusion-read-more,\n\t\t\t\t\t.fusion-content-boxes-1 .fusion-content-box-hover .link-area-box-hover.link-area-box .fusion-read-more::after,\n\t\t\t\t\t.fusion-content-boxes-1 .fusion-content-box-hover .link-area-box-hover.link-area-box .fusion-read-more::before,\n\t\t\t\t\t.fusion-content-boxes-1 .fusion-content-box-hover .link-area-link-icon-hover .icon .circle-no,\n\t\t\t\t\t.fusion-content-boxes-1 .heading .heading-link:hover .content-box-heading {\n\t\t\t\t\t\tcolor: var(--awb-color5);\n\t\t\t\t\t}\n\t\t\t\t\t.fusion-content-boxes-1 .fusion-content-box-hover .link-area-box-hover .icon .circle-no {\n\t\t\t\t\t\tcolor: var(--awb-color5) !important;\n\t\t\t\t\t}.fusion-content-boxes-1 .fusion-content-box-hover .link-area-box.link-area-box-hover .fusion-content-box-button {background: hsla(var(--awb-color3-h),calc(var(--awb-color3-s) - 5%),calc(var(--awb-color3-l) - 10%),var(--awb-color3-a));color: var(--awb-color5);}.fusion-content-boxes-1 .fusion-content-box-hover .link-area-box.link-area-box-hover .fusion-content-box-button .fusion-button-text {color: var(--awb-color5);}\n\t\t\t\t\t.fusion-content-boxes-1 .fusion-content-box-hover .link-area-link-icon-hover .heading .icon > span {\n\t\t\t\t\t\tbackground-color: transparent !important;\n\t\t\t\t\t}\n\t\t\t\t\t.fusion-content-boxes-1 .fusion-content-box-hover .link-area-box-hover .heading .icon > span {\n\t\t\t\t\t\tborder-color: var(--awb-color5) !important;\n\t\t\t\t\t}<\/style><div class=\"fusion-column content-box-column content-box-column content-box-column-1 col-lg-4 col-md-4 col-sm-4 fusion-content-box-hover content-box-column-first-in-row\"><div class=\"col content-box-wrapper content-wrapper-background content-wrapper-boxed link-area-link-icon content-icon-wrapper-yes icon-hover-animation-fade\" style=\"background-color:var(--awb-color2);\" data-animationOffset=\"top-into-view\"><div class=\"heading heading-with-icon icon-left\"><div style=\"margin-left:-32px;top:-82px;\" aria-hidden=\"true\" class=\"image\"><img decoding=\"async\" src=\"https:\/\/onebyone.org.br\/site\/wp-content\/uploads\/2022\/05\/pix_icon_198027.png\" width=\"64\" height=\"64\" alt=\"Pix\" \/><\/div><h2 class=\"content-box-heading\" style=\"font-size:24px;line-height:29px;\">Via Pix<\/h2><\/div><div class=\"fusion-clearfix\"><\/div><div class=\"content-container\" style=\"color:var(--awb-color7);\">\n<p style=\"text-align: center;\">PIX (21)98255-1414<br \/>\nOU USANDO O QR CODE ABAIXO<\/p>\n<p><img decoding=\"async\" class=\"wp-image-1302 size-fusion-200 aligncenter\" src=\"https:\/\/onebyone.org.br\/site\/wp-content\/uploads\/2024\/06\/Screen-Shot-2024-06-29-at-16.53.54-200x181.png\" alt=\"Pix OneByOne\" width=\"200\" height=\"181\" srcset=\"https:\/\/onebyone.org.br\/site\/wp-content\/uploads\/2024\/06\/Screen-Shot-2024-06-29-at-16.53.54-200x181.png 200w, https:\/\/onebyone.org.br\/site\/wp-content\/uploads\/2024\/06\/Screen-Shot-2024-06-29-at-16.53.54-300x271.png 300w, https:\/\/onebyone.org.br\/site\/wp-content\/uploads\/2024\/06\/Screen-Shot-2024-06-29-at-16.53.54.png 332w\" sizes=\"(max-width: 200px) 100vw, 200px\" \/><\/p>\n<ol type=\"1\">\n<li style=\"text-align: left;\">Abra o app do seu banco e entre na op\u00e7\u00e3o PIX<\/li>\n<li style=\"text-align: left;\">Escolha Pagar QR Code<\/li>\n<li style=\"text-align: left;\">Aponte a c\u00e2mera do seu celular para o c\u00f3digo acima<\/li>\n<li style=\"text-align: left;\">Insira o valor e finalize a transfer\u00eancia<\/li>\n<\/ol>\n<\/div><\/div><\/div><div class=\"fusion-column content-box-column content-box-column content-box-column-2 col-lg-4 col-md-4 col-sm-4 fusion-content-box-hover \"><div class=\"col content-box-wrapper content-wrapper-background content-wrapper-boxed link-area-link-icon content-icon-wrapper-yes icon-hover-animation-fade\" style=\"background-color:var(--awb-color2);\" data-animationOffset=\"top-into-view\"><div class=\"heading heading-with-icon icon-left\"><div class=\"icon\" style=\"position:absolute;width: 100%;top:-70.5px;\"><span ><i style=\"background-color:transparent;border-color:transparent;height:auto;width: 41px;line-height:normal;position:relative;left:auto;right:auto;top:auto;margin-left:auto;margin-right:auto;color:var(--awb-color7);font-size:41px;\" aria-hidden=\"true\" class=\"fontawesome-icon fa-university fas circle-no\"><\/i><\/span><\/div><h2 class=\"content-box-heading\" style=\"font-size:24px;line-height:29px;\">Transfer\u00eancia banc\u00e1ria <\/h2><\/div><div class=\"fusion-clearfix\"><\/div><div class=\"content-container\" style=\"color:var(--awb-color7);\">\n<p style=\"margin-top: 20px;\">Banco Santander<\/p>\n<p style=\"margin-top: 20px;\">Ag 4212<\/p>\n<p>Conta 13.002941-1<\/p>\n<p>PIX (21)98255-1414<\/p>\n<\/div><\/div><\/div><div class=\"fusion-column content-box-column content-box-column content-box-column-3 col-lg-4 col-md-4 col-sm-4 fusion-content-box-hover content-box-column-last content-box-column-last-in-row\"><div class=\"col content-box-wrapper content-wrapper-background content-wrapper-boxed link-area-link-icon content-icon-wrapper-yes icon-hover-animation-fade\" style=\"background-color:var(--awb-color2);\" data-animationOffset=\"top-into-view\"><div class=\"heading heading-with-icon icon-left\"><div class=\"icon\" style=\"position:absolute;width: 100%;top:-70.5px;\"><span ><i style=\"background-color:transparent;border-color:transparent;height:auto;width: 41px;line-height:normal;position:relative;left:auto;right:auto;top:auto;margin-left:auto;margin-right:auto;color:var(--awb-color7);font-size:41px;\" aria-hidden=\"true\" class=\"fontawesome-icon fa-credit-card fas circle-no\"><\/i><\/span><\/div><h2 class=\"content-box-heading\" style=\"font-size:24px;line-height:29px;\">CART\u00c3O DE CR\u00c9DITO\/ PAYPAL\/ BOLETO\/ PIC PAY<\/h2><\/div><div class=\"fusion-clearfix\"><\/div><div class=\"content-container\" style=\"color:var(--awb-color7);\">\n<p style=\"text-align: center; margin-bottom: 20px; margin-top: 20px;\">Pagamento online com cart\u00e3o de cr\u00e9dito nacional ou internacional<\/p>\n<div style=\"text-align:center;\"><style>.fusion-button.button-1{border-radius:25px 25px 25px 25px;}<\/style><a class=\"fusion-button button-flat fusion-button-default-size button-default button-1 fusion-button-default-span fusion-button-default-type\" target=\"_self\" href=\"#\" data-toggle=\"modal\" data-target=\".fusion-modal.doar-online\"><span class=\"fusion-button-text\">QUERO DOAR AGORA<\/span><\/a><\/div>\n<p style=\"text-align: center; margin-top: 30px;\">Online direct payment with national and international credit card<br \/>\n(<a href=\"https:\/\/paybox.doare.org\/en\/paybox?lang=br&amp;amount=50&amp;currency=BRL&amp;values=30,50,150,300,500&amp;orgId=af1b4604-5f40-11ea-86fb-06787f1b93fc&amp;subscribe=&amp;subscriptionAmount=50&amp;showSubscription=1&amp;referer=https:%2F%2Fapp.doare.org%2Fbr%2Fdoacao%2F6357%2Fone-by-one\" target=\"_blank\" rel=\"noopener\">click here for English<\/a>)<\/p>\n<\/div><\/div><\/div><style type=\"text\/css\">\n\t\t\t\t\t\t.fusion-content-boxes-1 .fusion-content-box-hover .heading-link:hover .icon i.circle-yes,\n\t\t\t\t\t\t.fusion-content-boxes-1 .fusion-content-box-hover .link-area-box:hover .heading-link .icon i.circle-yes,\n\t\t\t\t\t\t.fusion-content-boxes-1 .fusion-content-box-hover .link-area-link-icon-hover .heading .icon i.circle-yes,\n\t\t\t\t\t\t.fusion-content-boxes-1 .fusion-content-box-hover .link-area-box-hover .heading .icon i.circle-yes {\n\t\t\t\t\t\t\tbackground-color: transparent !important;\n\t\t\t\t\t\t\tborder-color: var(--awb-color5) !important;\n\t\t\t\t\t\t}<\/style><div class=\"fusion-clearfix\"><\/div><\/div><div class=\"fusion-modal modal fade modal-1 doar-online\" tabindex=\"-1\" role=\"dialog\" aria-labelledby=\"modal-heading-1\" aria-hidden=\"true\"><style type=\"text\/css\">.modal-1 .modal-header, .modal-1 .modal-footer{border-color:var(--awb-color4);}<\/style><div class=\"modal-dialog modal-lg\" role=\"document\"><div class=\"modal-content fusion-modal-content\" style=\"background-color:var(--awb-color1)\"><div class=\"modal-header\"><button class=\"close\" type=\"button\" data-dismiss=\"modal\" aria-hidden=\"true\" aria-label=\"Close\">&times;<\/button><h3 class=\"modal-title\" id=\"modal-heading-1\" data-dismiss=\"modal\" aria-hidden=\"true\">Doa\u00e7\u00e3o One By One<\/h3><\/div><div class=\"modal-body fusion-clearfix\"><iframe class=\"doar-frame\" src=\"\/\/paybox.doare.org\/br\/paybox?lang=br&amp;amount=50&amp;currency=BRL&amp;values=30,50,150,300,500&amp;orgId=af1b4604-5f40-11ea-86fb-06787f1b93fc&amp;subscribe=&amp;subscriptionAmount=50&amp;showSubscription=1&amp;referer=https:\/\/app.doare.org\/br\/doacao\/6357\/one-by-one\" frameborder=\"0\" scrolling=\"yes\"><\/iframe><\/div><\/div><\/div><\/div><\/div><style type=\"text\/css\">.fusion-body .fusion-builder-column-0{width:100% !important;margin-top : 0px;margin-bottom : 20px;}.fusion-builder-column-0 > .fusion-column-wrapper {padding-top : 0px !important;padding-right : 0px !important;margin-right : 1.92%;padding-bottom : 0px !important;padding-left : 0px !important;margin-left : 1.92%;}@media only screen and (max-width:1024px) {.fusion-body .fusion-builder-column-0{width:100% !important;order : 0;}.fusion-builder-column-0 > .fusion-column-wrapper {margin-right : 1.92%;margin-left : 1.92%;}}@media only screen and (max-width:768px) {.fusion-body .fusion-builder-column-0{width:100% !important;order : 0;}.fusion-builder-column-0 > .fusion-column-wrapper {margin-right : 1.92%;margin-left : 1.92%;}}<\/style><\/div><\/div><style type=\"text\/css\">.fusion-body .fusion-flex-container.fusion-builder-row-1{ padding-top : 0px;margin-top : 0px;padding-right : 0px;padding-bottom : 0px;margin-bottom : 0px;padding-left : 0px;min-height:500px;}<\/style><\/div><div class=\"fusion-fullwidth fullwidth-box fusion-builder-row-2 fusion-flex-container fusion-parallax-none nonhundred-percent-fullwidth non-hundred-percent-height-scrolling\" style=\"background-color: rgba(255,255,255,0);background-image: url(&quot;https:\/\/onebyone.org.br\/site\/wp-content\/uploads\/2022\/04\/festas-e-eventos-fundo.jpg&quot;);background-position: center center;background-repeat: no-repeat;border-width: 0px 0px 0px 0px;border-color:var(--awb-color3);border-style:solid;-webkit-background-size:cover;-moz-background-size:cover;-o-background-size:cover;background-size:cover;\" ><div class=\"fusion-builder-row fusion-row fusion-flex-align-items-flex-start\" style=\"max-width:1248px;margin-left: calc(-4% \/ 2 );margin-right: calc(-4% \/ 2 );\"><div class=\"fusion-layout-column fusion_builder_column fusion-builder-column-1 fusion_builder_column_1_1 1_1 fusion-flex-column\"><div class=\"fusion-column-wrapper fusion-flex-justify-content-flex-start fusion-content-layout-column\" style=\"background-position:left top;background-repeat:no-repeat;-webkit-background-size:cover;-moz-background-size:cover;-o-background-size:cover;background-size:cover;padding: 0px 0px 0px 0px;\"><div class=\"fusion-text fusion-text-2\"><h1 style=\"text-align: center; text-transform: uppercase;\">Sua doa\u00e7\u00e3o mant\u00e9m a One By One viva! Muito obrigada!<\/h1>\n<p class=\"orange\" style=\"text-align: center; font-size: 1.2em;\">De UM em UM faremos a diferen\u00e7a<\/p>\n<\/div><\/div><style type=\"text\/css\">.fusion-body .fusion-builder-column-1{width:100% !important;margin-top : 0px;margin-bottom : 20px;}.fusion-builder-column-1 > .fusion-column-wrapper {padding-top : 0px !important;padding-right : 0px !important;margin-right : 1.92%;padding-bottom : 0px !important;padding-left : 0px !important;margin-left : 1.92%;}@media only screen and (max-width:1024px) {.fusion-body .fusion-builder-column-1{width:100% !important;order : 0;}.fusion-builder-column-1 > .fusion-column-wrapper {margin-right : 1.92%;margin-left : 1.92%;}}@media only screen and (max-width:768px) {.fusion-body .fusion-builder-column-1{width:100% !important;order : 0;}.fusion-builder-column-1 > .fusion-column-wrapper {margin-right : 1.92%;margin-left : 1.92%;}}<\/style><\/div><\/div><style type=\"text\/css\">.fusion-body .fusion-flex-container.fusion-builder-row-2{ padding-top : 40px;margin-top : 0px;padding-right : 0px;padding-bottom : 40px;margin-bottom : 0px;padding-left : 0px;}<\/style><\/div><\/p>\n","protected":false},"excerpt":{"rendered":"","protected":false},"author":1,"featured_media":0,"parent":0,"menu_order":0,"comment_status":"closed","ping_status":"closed","template":"100-width.php","meta":{"footnotes":""},"class_list":["post-33","page","type-page","status-publish","hentry"],"_links":{"self":[{"href":"https:\/\/onebyone.org.br\/site\/wp-json\/wp\/v2\/pages\/33","targetHints":{"allow":["GET"]}}],"collection":[{"href":"https:\/\/onebyone.org.br\/site\/wp-json\/wp\/v2\/pages"}],"about":[{"href":"https:\/\/onebyone.org.br\/site\/wp-json\/wp\/v2\/types\/page"}],"author":[{"embeddable":true,"href":"https:\/\/onebyone.org.br\/site\/wp-json\/wp\/v2\/users\/1"}],"replies":[{"embeddable":true,"href":"https:\/\/onebyone.org.br\/site\/wp-json\/wp\/v2\/comments?post=33"}],"version-history":[{"count":37,"href":"https:\/\/onebyone.org.br\/site\/wp-json\/wp\/v2\/pages\/33\/revisions"}],"predecessor-version":[{"id":1304,"href":"https:\/\/onebyone.org.br\/site\/wp-json\/wp\/v2\/pages\/33\/revisions\/1304"}],"wp:attachment":[{"href":"https:\/\/onebyone.org.br\/site\/wp-json\/wp\/v2\/media?parent=33"}],"curies":[{"name":"wp","href":"https:\/\/api.w.org\/{rel}","templated":true}]}}